ctors of t(-98)?
2, 61, 103
Let k(l) = 275*l**2 - 4*l - 2. Let w = 518 + -520. What are the prime factors of k(w)?
2, 7, 79
Suppose -1083*p + 1087*p + 1240 = 0. Suppose 0 = -4*f + 3*t - 9, -4*f - 4*t - 16 = -0*f. List the prime factors of p*(-15)/(-25)*2/f.
2, 31
Let a(g) be the third derivative of 13/3*g**3 + 0 + 5/12*g**4 + 0*g + 29*g**2. What are the prime factors of a(10)?
2, 3, 7
Let s(h) = 2655*h**2 + 205*h - 63. List the prime factors of s(4).
43237
Let d(w) = 71*w - 83. Let r(b) = 48*b - 55. Let i(h) = -5*d(h) + 8*r(h). What are the prime factors of i(10)?
5, 53
Let i = -434 - -454. Suppose i*v - 14341 - 1859 = 0. List the prime factors of v.
2, 3, 5
Let o = -837 + 3172. Suppose 20*r - 2305 = o. List the prime factors of r.
2, 29
Let s = -258 - -258. Suppose -2*l + 5*d + 2865 = s, -5*d = 5*l - 0*d - 7250. What are the prime factors of l?
5, 17
Let n(x) = 5064*x - 6607. What are the prime factors of n(9)?
7, 19, 293
Let v(u) = -5*u**3 - 7*u**2 + 15*u - 200. List the prime factors of v(-18).
2, 11, 1201
Suppose 2*f + 3*f + 42224 = 21*f. List the prime factors of f.
7, 13, 29
Let a(d) = -1072*d - 29. Let r be a(-1). Suppose 2*p + 3*q - r = 0, -515 = 18*p - 19*p + 5*q. List the prime factors of p.
2, 5, 13
List the prime factors of (-1)/(6/(-83994)) - (-55)/(-5).
2, 13, 269
Let m(t) = -2*t**3 - 5*t**2 - 8*t**2 + 15*t**2 - 4*t**2 + 9*t + 5. Let l = 74 - 78. List the prime factors of m(l).
5, 13
Suppose d - 5*k - 42443 = 10560, -2*k = -3*d + 158892. What are the prime factors of d?
2, 26479
Suppose 4*a + 435 = -t + 474, -5*t = -3*a - 11. Let f(r) = 0*r - 24 + 3*r + 9*r. What are the prime factors of f(a)?
2, 3
Let c(d) be the first derivative of -7*d**4/6 - 13*d**3/3 + 5*d**2/2 + 46. Let g(l) be the second derivative of c(l). List the prime factors of g(-6).
2, 71
Let l be (4/(-6))/((-20)/450). Suppose 4*p - 2*c + 3*c = 1453, 5*c + l = 0. List the prime factors of p.
2, 7, 13
Let k(c) = -17*c**3 + 32*c**2 + 538*c - 52. List the prime factors of k(-17).
3, 89, 313
Suppose 1256*o = 1244*o + 53172. List the prime factors of o.
3, 7, 211
Let m(a) = -6*a**3 - 2*a**2 + 15*a - 3. Suppose 26*f + 40 = 18*f. List the prime factors of m(f).
2, 311
Let r(w) = w**2 - 5*w - 2. Let j be -8 + 4 + 3 + 25. Suppose -m + 5*m = j. List the prime factors of r(m).
2
Suppose 95*m - 1023511 - 113449 = 0. List the prime factors of m.
2, 11, 17
Suppose -r + 0*r - 6 = -2*n, 0 = -5*n - 3*r + 15. Suppose 3*i - 1309 = 25*s - 26*s, 0 = 4*s + n*i - 5281. What are the prime factors of s?
2, 331
Let q(l) = 42*l**2 + 44*l - 4. Let p = 583 - 589. What are the prime factors of q(p)?
2, 311
Suppose -7*s - 3*s = 37318 - 207408. What are the prime factors of s?
73, 233
Suppose -14*v + 826434 - 4016 = -32884. List the prime factors of v.
199, 307
Let f = -10364 + 10574. What are the prime factors of f?
2, 3, 5, 7
Suppose 2*j = 2, -15*b + 1599 = -11*b - j. Suppose -6*r - n = -7*r + b, -5*n = -r + 400. List the prime factors of r.
2, 5
Let o(a) = -a**2 + 6*a + 6601. What are the prime factors of o(0)?
7, 23, 41
Let a(v) = -v**3 - 5*v**2 + 5*v - 5. Let w be a(-5). What are the prime factors of 306 - (w/(-45))/((-2)/(-6))?
2, 19
Suppose -8*v + 2037 = -651. Suppose -2*a = -373 - 577. Let l = a - v. List the prime factors of l.
139
Let u = 435 - 536. Suppose q - 26 = 47. Let v = q - u. List the prime factors of v.
2, 3, 29
Suppose 4*b = 4*t - 4, 0*b - 6 = -5*t + 4*b. Suppose t*a - 27 + 11 = 0. Suppose -a*o + 5*o = -42. What are the prime factors of o?
2, 7
Let c(t) = 16*t + 6*t + 3*t**2 - 546 + 510. List the prime factors of c(-14).
2, 61
Let s(j) = -1881*j + 4148*j + 3 - 2073*j. Let i(g) = g**2 - 4*g + 1. Let l be i(4). List the prime factors of s(l).
197
Suppose 2 = 4*r - 3*r. Suppose 2*k - 406 = 4*x, k + 193 = -4*x + r*x. Let u = 186 + x. What are the prime factors of u?
3, 29
Suppose -14 = 2*o - 0*c + 4*c, 4*o - 4*c = 20. Let a be o/7 + (-2433)/(-21). List the prime factors of 7*a*(-5)/(-70).
2, 29
Suppose 9*i - 4*i - 8993 = -s, 5*s + 2*i - 45103 = 0. What are the prime factors of s?
7, 1289
Suppose 1178*c = 1187*c - 54792. What are the prime factors of c?
2, 761
Suppose 0 = 4*v - 2*n + 3*n + 1234, 2*v + 4*n + 610 = 0. Let o = v - -878. List the prime factors of o.
569
Let w(c) = -2594*c - 3023. What are the prime factors of w(-20)?
48857
Let s(c) = -c**2 + 5*c + 6. Let t be s(6). Let w(f) be the first derivative of f**4/4 + f**3/3 + f**2/2 + 77*f - 99. List the prime factors of w(t).
7, 11
Let q(u) = -71*u + 294. Let i be -8*((-60)/(-16) + -2). What are the prime factors of q(i)?
2, 7, 23
Let c(d) = -7*d - 3. Let g be c(-1). Let w be 4/(-3) - -2 - 1568/(-24). What are the prime factors of w - 2 - (0 - g)?
2, 17
Let w(p) = 201*p**2 - 23*p - 42. List the prime factors of w(-6).
2, 3, 13, 47
Let t(o) = -104*o + 1. Let i be t(-4). Let s(n) = -10*n**2 + 10*n + 33. Let k be s(-4). Let l = i + k. List the prime factors of l.
2, 5
Let a(j) = -j + 1. Let w(x) = -40*x**2 - 4*x + 41. Let v(u) = 6*a(u) - w(u). List the prime factors of v(5).
5, 191
Let s(i) = 24*i - 259. Let b be s(11). Suppose j - 2*j - 3143 = -3*t, 3*t + b*j = 3149. List the prime factors of t.
2, 131
Suppose -s - 2*r - 81 = 0, -5*s + 5*r - 3*r = 369. Let h = 155 - s. What are the prime factors of h?
2, 5, 23
Suppose 29*t - 26*t - 2364 = 0. Suppose -5*k + 0*l + 1332 = 3*l, -t = -3*k + l. List the prime factors of k.
2, 3, 11
Let x = 943 - 536. Let v = x + -109. List the prime factors of v.
2, 149
Suppose -5*s - 207*k + 3628 = -208*k, 4*k + 718 = s. List the prime factors of s.
2, 3, 11
Let a be (-2)/7 + (-54891)/(-63). Suppose 3*g = -u + a, 0 = 4*g - 2*u - 730 - 428. What are the prime factors of g?
2, 5, 29
Let m = -46885 - -84603. What are the prime factors of m?
2, 18859
Let m = 20 + -38. Let i be (-4)/m + (1 - 382/18). List the prime factors of 3/(-4) - 575/i.
2, 7
Let u(s) = 9*s**2 - 35*s - 27. What are the prime factors of u(24)?
3, 1439
Let v be (-5962)/(-16) + (-111)/(-296). Let l = -289 + v. List the prime factors of l.
2, 3, 7
Let a(c) = -3*c + 24. Let i be a(8). Suppose -5*m + 708 = 3*z - 1811, 4*m + 3*z - 2014 = i. What are the prime factors of m?
5, 101
Suppose b - 28 - 50 = 0. Let h(p) = 4*p**2 - 17*p - 112. Let l be h(-5). Let r = l + b. What are the prime factors of r?
151
Suppose 72353*r - 452291 = 72346*r. List the prime factors of r.
64613
Let q = 22075 - -15941. List the prime factors of q.
2, 3, 11
Suppose -2*z - 104 = -4*o + o, o = -5*z + 63. What are the prime factors of 95/o*88/10?
2, 11
List the prime factors of (-913764)/(-36) + 12 + (-6)/(-9).
3, 5, 1693
Let v = -1033 - -542. Let u = 956 + v. List the prime factors of u.
3, 5, 31
Let h = 13924 + -3072. What are the prime factors of h?
2, 2713
Let n(t) = t**2 - 14*t + 8. Let a(r) = -r**2 - 3*r + 10. Let x be a(-5). Suppose 13*l - l + 108 = x. What are the prime factors of n(l)?
5, 43
Let b = -20805 - -30402. List the prime factors of b.
3, 7, 457
What are the prime factors of (4 + -3)*-2003*-2 - (-6)/(-1)?
2, 5
Let m(p) = 76*p**2 + 4*p - 19. Let x(h) = -38*h**2 - 2*h + 9. Let d(z) = -2*m(z) - 5*x(z). What are the prime factors of d(4)?
3, 7, 29
Let q be -2*(-3 - -4)*-3. Suppose 5*m + 4*h = -12, -h = 4*m + q + 8. What are the prime factors of m/14 + 1413/21?
67
Let u(a) = 2*a**3 - 5*a**2 + 13*a - 13. Let s be u(5). Suppose -s*m = -175*m - 394. What are the prime factors of m?
197
Suppose -2*h + 5*y = -26, 4*h - y = 2*h + 10. Let s(j) = 3 - 24*j**2 - 4*j + 9*j**2 + 2*j**h + 0. What are the prime factors of s(8)?
5, 7
Let c(g) = -19*g + g**2 - 15 - 10 - 6 + 11. Let p be c(20). Suppose -2*d + 226 = 4*q, p = -2*q - 4*d + 82 + 28. What are the prime factors of q?
3, 19
Let f(q) = -2*q**2 + 71*q + 39. Let t be f(36). Suppose t*v - 351 = 1140. What are the prime factors of v?
7, 71
Let k = -18767 + 30159. List the prime factors of k.
2, 89
Let n = -65781 + 122806. List the prime factors of n.
5, 2281
Let y(f) = 30*f**2 - f - 1. Let m be y(-1). Let l = 30 + m. Let i = 142 - l. List the prime factors of i.
2, 41
Let c(y) = 56*y - 32. Let g be c(6). Suppose 0 = -3*k - k + g. Let x = k - 42. What are the prime factors of x?
2, 17
Suppose w + 3*z - 71740 = 0, -97*w = -102*w + 2*z + 358649. List the prime factors of w.
11, 6521
Let b(k) = -8*k**3 - 4*k**2 - 30